{"id":801,"date":"2022-11-02T22:02:10","date_gmt":"2022-11-02T21:02:10","guid":{"rendered":"https:\/\/www.aperoscope.fr\/?page_id=801"},"modified":"2022-11-02T23:14:21","modified_gmt":"2022-11-02T22:14:21","slug":"aperoscope-9","status":"publish","type":"page","link":"https:\/\/www.aperoscope.fr\/?page_id=801","title":{"rendered":"Aperoscope #9"},"content":{"rendered":"<p>[et_pb_section bb_built=\u00a0\u00bb1&Prime; fullwidth=\u00a0\u00bbon\u00a0\u00bb _builder_version=\u00a0\u00bb3.0.47&Prime; next_background_color=\u00a0\u00bb#000000&Prime;][et_pb_fullwidth_image src=\u00a0\u00bbhttps:\/\/www.aperoscope.fr\/wp-content\/uploads\/2022\/11\/Aperoscope-edition-9_imageintro.png\u00a0\u00bb _builder_version=\u00a0\u00bb3.8&Prime; \/][\/et_pb_section][et_pb_section bb_built=\u00a0\u00bb1&Prime; _builder_version=\u00a0\u00bb3.0.47&Prime; prev_background_color=\u00a0\u00bb#000000&Prime;][et_pb_row _builder_version=\u00a0\u00bb3.0.48&Prime; background_size=\u00a0\u00bbinitial\u00a0\u00bb background_position=\u00a0\u00bbtop_left\u00a0\u00bb background_repeat=\u00a0\u00bbrepeat\u00a0\u00bb][et_pb_column type=\u00a0\u00bb4_4&Prime;][et_pb_text _builder_version=\u00a0\u00bb3.8&Prime;]<\/p>\n<h2>Ap\u00e9roscope #9<\/h2>\n<p>La soir\u00e9e Ap\u00e9roscope #9 s&rsquo;est d\u00e9roul\u00e9e \u00e0 au C.A.L.M. \u00e0 Limoges le 20 octobre 2022 !<\/p>\n<p>Un grand merci \u00e0 toute l&rsquo;\u00e9quipe du C.A.L.M. et \u00e0 l&rsquo;Universit\u00e9 de Limoges pour leurs soutiens dans l&rsquo;organisation de cet \u00e9v\u00e9nement et l&rsquo;accueil dans ce super lieu.<\/p>\n<p>[\/et_pb_text][et_pb_divider _builder_version=\u00a0\u00bb3.8&Prime; \/][et_pb_text _builder_version=\u00a0\u00bb3.8&Prime;]<\/p>\n<h2>Au programme<\/h2>\n<p>Cette fois-ci 8 invit\u00e9s aux profils vari\u00e9s \u00e9taient pr\u00e9vus. Malheureusement le chercheur Serge Battu a du annuler sa participation car positif au Covid. Il sera \u00e0 nouveau invit\u00e9 lors d&rsquo;une prochaine session&#8230;<\/p>\n<p>[\/et_pb_text][et_pb_team_member admin_label=\u00a0\u00bbCo&rsquo;Lec \u00a0\u00bb name=\u00a0\u00bbCo&rsquo;Lec \u00a0\u00bb image_url=\u00a0\u00bbhttps:\/\/www.aperoscope.fr\/wp-content\/uploads\/2022\/11\/COLEC_LOGO_WEB-2.jpg\u00a0\u00bb _builder_version=\u00a0\u00bb3.8&Prime; facebook_url=\u00a0\u00bbhttps:\/\/www.facebook.com\/startupcolec\u00a0\u00bb twitter_url=\u00a0\u00bbhttps:\/\/twitter.com\/startup_Colec\u00a0\u00bb linkedin_url=\u00a0\u00bbhttps:\/\/www.linkedin.com\/company\/co-lec\/\u00a0\u00bb]<\/p>\n<div class=\"o9v6fnle cxmmr5t8 oygrvhab hcukyx3x c1et5uql ii04i59q\">\n<div dir=\"auto\">\n<div class=\"o9v6fnle cxmmr5t8 oygrvhab hcukyx3x c1et5uql ii04i59q\">\n<div dir=\"auto\">\n<div class=\"o9v6fnle cxmmr5t8 oygrvhab hcukyx3x c1et5uql ii04i59q\">\n<div dir=\"auto\">\n<div class=\"o9v6fnle cxmmr5t8 oygrvhab hcukyx3x c1et5uql ii04i59q\">\n<div dir=\"auto\">\n<div class=\"o9v6fnle cxmmr5t8 oygrvhab hcukyx3x c1et5uql ii04i59q\">\n<div dir=\"auto\">\n<div class=\"x11i5rnm xat24cr x1mh8g0r x1vvkbs xtlvy1s x126k92a\">\n<div dir=\"auto\">Ing\u00e9nieure eau &amp; environnement diplom\u00e9e de l&rsquo;<a class=\"x1i10hfl xjbqb8w x6umtig x1b1mbwd xaqea5y xav7gou x9f619 x1ypdohk xt0psk2 xe8uvvx xdj266r x11i5rnm xat24cr x1mh8g0r xexx8yu x4uap5 x18d9i69 xkhd6sd x16tdsg8 x1hl2dhg xggy1nq x1a2a7pz xt0b8zv x1qq9wsj xo1l8bm\" tabindex=\"0\" role=\"link\" href=\"https:\/\/www.facebook.com\/ENSILENSCI?__cft__[0]=AZUhGmTJkLfqSb1XcQogvF9gTnKnQe0O_mOay-1hbL7lsfcG6N-0BdmILl-W_FUwpj-KvoIEM2Fctvsd3uVh2t-S4eZ8ufoPUCC48fVuXXfSMwQdTgeFcmxFuQk1J_n6buD-eLcaOyYaRy5ugzlpQceK9V96WR_PBHLTuTWyh6O7TwyaZkUwUT7eie__qLU1ozjEgtJjwcVsly3vOrHoAnkf&amp;__tn__=-]K-R\"><span class=\"xt0psk2\">Ensil-Ensci<\/span><\/a>, Damla Yetik est la fondatrice de <a class=\"x1i10hfl xjbqb8w x6umtig x1b1mbwd xaqea5y xav7gou x9f619 x1ypdohk xt0psk2 xe8uvvx xdj266r x11i5rnm xat24cr x1mh8g0r xexx8yu x4uap5 x18d9i69 xkhd6sd x16tdsg8 x1hl2dhg xggy1nq x1a2a7pz xt0b8zv x1qq9wsj xo1l8bm\" tabindex=\"0\" role=\"link\" href=\"https:\/\/www.facebook.com\/startupcolec?__cft__[0]=AZUhGmTJkLfqSb1XcQogvF9gTnKnQe0O_mOay-1hbL7lsfcG6N-0BdmILl-W_FUwpj-KvoIEM2Fctvsd3uVh2t-S4eZ8ufoPUCC48fVuXXfSMwQdTgeFcmxFuQk1J_n6buD-eLcaOyYaRy5ugzlpQceK9V96WR_PBHLTuTWyh6O7TwyaZkUwUT7eie__qLU1ozjEgtJjwcVsly3vOrHoAnkf&amp;__tn__=-]K-R\"><span class=\"xt0psk2\">Co&rsquo;Lec<\/span><\/a>, soci\u00e9t\u00e9 qui se sp\u00e9cialise sur la collecte et le recyclage d&rsquo;appareils \u00e9lectriques\/\u00e9lectroniques avec des r\u00e9compenses \u00e0 la cl\u00e9 pour les usagers.<\/div>\n<\/div>\n<div class=\"x11i5rnm xat24cr x1mh8g0r x1vvkbs xtlvy1s x126k92a\">\n<div dir=\"auto\">Damla nous a pr\u00e9sent\u00e9 son parcours et le lancement de son entreprise.<\/div>\n<div dir=\"auto\"><\/div>\n<div dir=\"auto\">Vous aussi pensez \u00e0 recycler vos \u00e9quipements \u00e9lectroniques et \u00e9lectro-m\u00e9nagers en utilisant sa plateforme et gagnez des points \u00e0 convertir en bons d&rsquo;achats chez les commer\u00e7ants locaux :\u00a0<a href=\"https:\/\/co-lec.com\/\" target=\"_blank\" rel=\"noopener\">https:\/\/co-lec.com\/<\/a><\/div>\n<div dir=\"auto\">Suivez Co&rsquo;Lec sur ses r\u00e9seaux sociaux <a class=\"text-regular\" href=\"https:\/\/www.linkedin.com\/company\/co-lec\/\" target=\"_blank\" rel=\"noopener\" data-turbo=\"false\">Linkedin<\/a> <a class=\"text-regular\" href=\"https:\/\/twitter.com\/startup_Colec\" target=\"_blank\" rel=\"noopener\" data-turbo=\"false\">Twitter <\/a><a class=\"text-regular\" href=\"https:\/\/www.facebook.com\/startupcolec\" target=\"_blank\" rel=\"noopener\" data-turbo=\"false\">Facebook<\/a> et <a class=\"text-regular\" href=\"https:\/\/www.instagram.com\/explore\/locations\/112445318008890\/colec\" target=\"_blank\" rel=\"noopener\" data-turbo=\"false\">Instagram<\/a><\/div>\n<div dir=\"auto\"><\/div>\n<div dir=\"auto\"><\/div>\n<\/div>\n<\/div>\n<\/div>\n<\/div>\n<\/div>\n<\/div>\n<\/div>\n<\/div>\n<\/div>\n<\/div>\n<\/div>\n<p>[\/et_pb_team_member][et_pb_team_member admin_label=\u00a0\u00bbHumanilim\u00a0\u00bb name=\u00a0\u00bbHumanilim\u00a0\u00bb image_url=\u00a0\u00bbhttps:\/\/www.aperoscope.fr\/wp-content\/uploads\/2022\/11\/Logo-Huma.jpeg\u00a0\u00bb _builder_version=\u00a0\u00bb3.8&Prime; facebook_url=\u00a0\u00bbhttps:\/\/www.facebook.com\/humanilimasso\/\u00a0\u00bb]<\/p>\n<div class=\"x11i5rnm xat24cr x1mh8g0r x1vvkbs xtlvy1s x126k92a\">\n<div dir=\"auto\"><a class=\"x1i10hfl xjbqb8w x6umtig x1b1mbwd xaqea5y xav7gou x9f619 x1ypdohk xt0psk2 xe8uvvx xdj266r x11i5rnm xat24cr x1mh8g0r xexx8yu x4uap5 x18d9i69 xkhd6sd x16tdsg8 x1hl2dhg xggy1nq x1a2a7pz xt0b8zv x1qq9wsj xo1l8bm\" tabindex=\"0\" role=\"link\" href=\"https:\/\/www.facebook.com\/humanilimasso?__cft__[0]=AZWK_9rlqP8NRpnHxgYU8NzW7qY-8xscifMKC18uLxQpyr5CEHAlDjlbHH7BIj5BUMcxHiNSh-6RFSdGcTBpXHu43qxY2X8gqAtCWqKbxPSKHOVNeYcFjPy2ytfwghHDTQ5G0VrQVsWThTxhJGhkupG05AWNQhuFqUQqV--lrn-cdWkRmJRmHOgjuEyzCHYKfijXFr5BYmKMb-PLWevUo3Su&amp;__tn__=-]K-R\"><span class=\"xt0psk2\">Humani&rsquo;Lim &#8211; Association de Solidarit\u00e9 Internationale<\/span><\/a> est une association de solidarit\u00e9 internationale qui s&rsquo;inscrit \u00e9galement au niveau local, surtout depuis la \u00ab\u00a0p\u00e9riode COVID\u00a0\u00bb.<\/div>\n<\/div>\n<div class=\"x11i5rnm xat24cr x1mh8g0r x1vvkbs xtlvy1s x126k92a\">\n<div dir=\"auto\">R\u00e9mi Aulie et Chahd Ch\u00e9rif, deux h\u00e9ros de l&rsquo;ombre nous ont pr\u00e9sent\u00e9 leurs parcours et leur d\u00e9marche : leurs missions sur le campus de l&rsquo;<a class=\"x1i10hfl xjbqb8w x6umtig x1b1mbwd xaqea5y xav7gou x9f619 x1ypdohk xt0psk2 xe8uvvx xdj266r x11i5rnm xat24cr x1mh8g0r xexx8yu x4uap5 x18d9i69 xkhd6sd x16tdsg8 x1hl2dhg xggy1nq x1a2a7pz xt0b8zv x1qq9wsj xo1l8bm\" tabindex=\"0\" role=\"link\" href=\"https:\/\/www.facebook.com\/unilim\/?__cft__[0]=AZWK_9rlqP8NRpnHxgYU8NzW7qY-8xscifMKC18uLxQpyr5CEHAlDjlbHH7BIj5BUMcxHiNSh-6RFSdGcTBpXHu43qxY2X8gqAtCWqKbxPSKHOVNeYcFjPy2ytfwghHDTQ5G0VrQVsWThTxhJGhkupG05AWNQhuFqUQqV--lrn-cdWkRmJRmHOgjuEyzCHYKfijXFr5BYmKMb-PLWevUo3Su&amp;__tn__=kK-R\"><span class=\"xt0psk2\">Universit\u00e9 de Limoges<\/span><\/a> : Distribuer des paniers repas gratuits \u00e0 destination des \u00e9tudiants les plus pr\u00e9caires.<\/div>\n<\/div>\n<div class=\"x11i5rnm xat24cr x1mh8g0r x1vvkbs xtlvy1s x126k92a\">\n<div dir=\"auto\"><\/div>\n<\/div>\n<p>[\/et_pb_team_member][et_pb_team_member admin_label=\u00a0\u00bbPeanuts\u00a0\u00bb name=\u00a0\u00bbPeanuts\u00a0\u00bb image_url=\u00a0\u00bbhttps:\/\/www.aperoscope.fr\/wp-content\/uploads\/2022\/11\/13268241_594058097432813_4858277652695494365_o-2.jpg\u00a0\u00bb _builder_version=\u00a0\u00bb3.8&Prime; facebook_url=\u00a0\u00bbhttps:\/\/www.facebook.com\/asso2peanuts\/\u00a0\u00bb]<\/p>\n<div class=\"cxmmr5t8 oygrvhab hcukyx3x c1et5uql o9v6fnle ii04i59q\">\n<div dir=\"auto\">\n<div class=\"x11i5rnm xat24cr x1mh8g0r x1vvkbs xtlvy1s x126k92a\">\n<div dir=\"auto\">\u00c9lise &amp; Julien, c\u00e9ramiste et graphiste s&rsquo;installent \u00e0 Limoges en 2015 pour le boulot.<\/div>\n<\/div>\n<div class=\"x11i5rnm xat24cr x1mh8g0r x1vvkbs xtlvy1s x126k92a\">\n<div dir=\"auto\">Peu de temps apr\u00e8s avoir pos\u00e9 leurs bagages, ils d\u00e9cident de monter l&rsquo;association <a class=\"x1i10hfl xjbqb8w x6umtig x1b1mbwd xaqea5y xav7gou x9f619 x1ypdohk xt0psk2 xe8uvvx xdj266r x11i5rnm xat24cr x1mh8g0r xexx8yu x4uap5 x18d9i69 xkhd6sd x16tdsg8 x1hl2dhg xggy1nq x1a2a7pz xt0b8zv x1qq9wsj xo1l8bm\" tabindex=\"0\" role=\"link\" href=\"https:\/\/www.facebook.com\/asso2peanuts\/?__cft__[0]=AZV6Y8lfChV4W4c9jElhwnanptrkGFx4mfi4HlGIkMXhjl-EH09LAOkgXVHoJ8zzyli-SZmYqcErhiP_w0uKRldf4OYn10uiGAftZyLF9x9uCddCKOH5A_gGGepJeNXru45-DEzD9mAgbe0ZBh1_mSz3M016MBS4Bg-VGS7mJYLQDHkL_-a6WmcOgZuh1UTq2klP2CSQFR4fEv90g3Ff6VcK&amp;__tn__=kK-R\"><span class=\"xt0psk2\">Peanuts<\/span><\/a>, organisation d&rsquo;ateliers hors-pistes entre c\u00e9ramique, arts graphiques et DIY.<\/div>\n<\/div>\n<div class=\"x11i5rnm xat24cr x1mh8g0r x1vvkbs xtlvy1s x126k92a\">\n<div dir=\"auto\">Et pourquoi Peanuts ?<\/div>\n<div dir=\"auto\">Parce qu&rsquo;\u00e0 priori, on peut tout faire avec des cacahu\u00e8tes !<\/div>\n<\/div>\n<\/div>\n<div dir=\"auto\"><\/div>\n<div dir=\"auto\">D\u00e9couvrez les cours et les prochains ateliers et stages sur le site de l&rsquo;association : <a href=\"http:\/\/www.asso2peanuts.wordpress.com\/\" target=\"_blank\" rel=\"noopener\">http:\/\/www.asso2peanuts.wordpress.com\/<\/a><\/div>\n<div dir=\"auto\">Suivez les sur leurs r\u00e9seaux sociaux :<\/div>\n<div dir=\"auto\">Retrouvez leur pr\u00e9sentation en pdf : <a href=\"https:\/\/www.aperoscope.fr\/wp-content\/uploads\/2022\/11\/Peanuts.pdf\">Peanuts<\/a><\/div>\n<div dir=\"auto\"><\/div>\n<\/div>\n<p>[\/et_pb_team_member][et_pb_team_member admin_label=\u00a0\u00bbRemob\u00a0\u00bb name=\u00a0\u00bbRemob\u00a0\u00bb image_url=\u00a0\u00bbhttps:\/\/www.aperoscope.fr\/wp-content\/uploads\/2022\/11\/267742593_107446585127200_8339498849467506596_n.jpg\u00a0\u00bb _builder_version=\u00a0\u00bb3.8&Prime; facebook_url=\u00a0\u00bbhttps:\/\/www.facebook.com\/RemobSejour\u00a0\u00bb linkedin_url=\u00a0\u00bbhttps:\/\/www.linkedin.com\/company\/remob\/\u00a0\u00bb]<\/p>\n<div class=\"x11i5rnm xat24cr x1mh8g0r x1vvkbs xtlvy1s x126k92a\">\n<div dir=\"auto\">Camille &amp; \u00c9lise nous ont pr\u00e9sent\u00e9 Remob&rsquo;, une association singuli\u00e8re du territoire qui a pour mission de redonner du sens et confiance aux 16-25 ans gr\u00e2ce \u00e0 des s\u00e9jours inspirants, loin des tumultes de la ville ou des quartiers&#8230;<\/div>\n<\/div>\n<div class=\"x11i5rnm xat24cr x1mh8g0r x1vvkbs xtlvy1s x126k92a\">\n<div dir=\"auto\"><\/div>\n<div dir=\"auto\">Camille &#8211; Assistante de coordination de projet associatif : Apr\u00e8s un BTS avort\u00e9 et une phobie scolaire, Camille perdue, a particip\u00e9 \u00e0 un s\u00e9jour Remob\u2019 organis\u00e9 par l\u2019Auberge Tilcara pour se questionner et se recentrer. Impossible pour elle de retourner \u00e0 l\u2019\u00e9cole, elle se tourne vers le Service Civique qu\u2019elle fait dans l&rsquo;association, l&rsquo;Auberge Tilcara. Elle est aujourd\u2019hui salari\u00e9e en contrat aid\u00e9 (PEC).<\/div>\n<\/div>\n<div class=\"x11i5rnm xat24cr x1mh8g0r x1vvkbs xtlvy1s x126k92a\">\n<div dir=\"auto\"><\/div>\n<div dir=\"auto\">Elise &#8211; Coordinatrice de projet : Dipl\u00f4m\u00e9e d\u2019un Master de Socio-Anthropologie, mais aussi directrice de s\u00e9jours et formatrice BAFA, Elise s\u2019est sp\u00e9cialis\u00e9e dans l\u2019accompagnement des jeunes adultes. Egalement Praticienne SISEM et dipl\u00f4m\u00e9e en Equi-coaching, elle aime les m\u00e9thodes ludiques et efficaces.<\/div>\n<\/div>\n<div dir=\"auto\"><\/div>\n<div dir=\"auto\">Retrouvez la pr\u00e9sentation de l&rsquo;association Remob&rsquo; et les dates des prochains s\u00e9jours sur le site : <a href=\"http:\/\/www.remob.fr\/\" target=\"_blank\" rel=\"noopener\">http:\/\/www.remob.fr\/<\/a><\/div>\n<p>[\/et_pb_team_member][et_pb_team_member admin_label=\u00a0\u00bbAmandine Julien\u00a0\u00bb name=\u00a0\u00bbAmandine Julien\u00a0\u00bb image_url=\u00a0\u00bbhttps:\/\/www.aperoscope.fr\/wp-content\/uploads\/2022\/11\/autoportrait-rollei-ok2-200&#215;192-1.jpg\u00a0\u00bb _builder_version=\u00a0\u00bb3.8&Prime; facebook_url=\u00a0\u00bbhttps:\/\/www.facebook.com\/amandine.julien.35&Prime;]<\/p>\n<div class=\"cxmmr5t8 oygrvhab hcukyx3x c1et5uql o9v6fnle ii04i59q\">\n<div dir=\"auto\">\n<div class=\"cxmmr5t8 oygrvhab hcukyx3x c1et5uql o9v6fnle ii04i59q\">\n<div dir=\"auto\">\n<p><span style=\"font-weight: 400;\">Artiste photographe et cin\u00e9aste sp\u00e9cialis\u00e9e en techniques anciennes et alternatives, je me suis form\u00e9e de fa\u00e7on autodidacte ou aupr\u00e8s d\u2019associations d\u00e8s mes 18 ans.<\/span><\/p>\n<p><span style=\"font-weight: 400;\">Amandine s&rsquo;int\u00e9resse avant tout \u00e0 une approche artisanale et plastique de l\u2019image : recherche des supports, de la mati\u00e8re, des couleurs\u2026\u00a0 Elle pratique en photographie diverses techniques (argentique, cyanotype, papier albumin\u00e9, bromo\u00efl, gomme bichromat\u00e9e) des techniques m\u00e9langeant papiers aquarelles, chimie photosensible et pigments ou encres de gravure. Elle<\/span><span style=\"font-weight: 400;\"> d\u00e9veloppe elle-m\u00eame ses films 16mm, Super8 et s&rsquo;attelle \u00e0 la recherche de nouvelles fa\u00e7ons de travailler (peinture sur pellicule \/ foundfootage \/ grattage..)<\/span><\/p>\n<p><span style=\"font-weight: 400;\">Depuis 10 ans maintenant Amandine transmets sa passion pour ces techniques qui tendent \u00e0 se perdre en organisant des expositions, participant \u00e0 des festivals, et en animant des formations aux techniques anciennes sur Limoges.<\/span><\/p>\n<\/div>\n<\/div>\n<\/div>\n<div dir=\"auto\">D\u00e9couvrez les dates de ses prochains stages \u00e0 Limoges sur son site : <a href=\"http:\/\/www.stage-photo-artisanale.com\/\" target=\"_blank\" rel=\"noopener\">http:\/\/www.stage-photo-artisanale.com\/<\/a> et tout son univers sur son site d\u00e9di\u00e9 : <a href=\"http:\/\/www.amandine-julien.com\" target=\"_blank\" rel=\"noopener\">http:\/\/www.amandine-julien.com<\/a><\/div>\n<div dir=\"auto\">\n<div dir=\"auto\">Son support de pr\u00e9sentation Ap\u00e9roscope est dispo ici : (PDF)<\/div>\n<div class=\"cxmmr5t8 oygrvhab hcukyx3x c1et5uql o9v6fnle ii04i59q\"><\/div>\n<\/div>\n<\/div>\n<p>[\/et_pb_team_member][et_pb_team_member admin_label=\u00a0\u00bbLimoges Act\u00a0\u00bb name=\u00a0\u00bbLimoges Act\u00a0\u00bb image_url=\u00a0\u00bbhttps:\/\/www.aperoscope.fr\/wp-content\/uploads\/2022\/11\/logo-limogesact-transparent.png\u00a0\u00bb _builder_version=\u00a0\u00bb3.8&Prime;]<\/p>\n<div class=\"cxmmr5t8 oygrvhab hcukyx3x c1et5uql o9v6fnle ii04i59q\">\n<div dir=\"auto\">\n<div class=\"cxmmr5t8 oygrvhab hcukyx3x c1et5uql o9v6fnle ii04i59q\">\n<div dir=\"auto\">\n<div class=\"x11i5rnm xat24cr x1mh8g0r x1vvkbs xtlvy1s x126k92a\">\n<div dir=\"auto\">\n<p><span style=\"font-weight: 400;\">Charlotte Emery, et Florent Guitard tous deux facilitateurs en intelligence collective et co-fondateurs du concept de \u00ab\u00a0QVTT\u00a0\u00bb nous ont pr\u00e9sent\u00e9 Limoges Act\u00a0<\/span><\/p>\n<p><span style=\"font-weight: 400;\">La QVTT k\u00e9zako ?\u00a0<\/span><\/p>\n<p><span style=\"font-weight: 400;\">Pour ces explorateurs des conditions de travail et des dynamiques collectives, dont le leitmotiv est \u00ab\u00a0<i>pour vivre paresseux, \u00e9veiller nos cerveaux, \u00eatre utile et avoir un futur \ud83d\ude09\u00a0\u00bb l<\/i>a Qualit\u00e9 de Vie au Travail Territoriale, c\u2019est l\u2019application du concept de QVT au territoire. Et \u00e7a se passe \u00e0 Limoges avec le Limoges Act !<\/span><\/p>\n<p>Leur message :\u00a0<span style=\"font-weight: 400;\">Citoyen, salari\u00e9, dirigeant, b\u00e9n\u00e9vole, ind\u00e9pendant, usager, apprenons \u00e0 aligner nos casquettes pour agir ensemble \u00e0 la transformation de notre soci\u00e9t\u00e9. <\/span><span style=\"font-weight: 400;\">Venez d\u00e9couvrir le concept, et surtout l\u2019enrichir, pour penser ensemble (et autrement) le travail sur le territoire.<\/span><\/p>\n<p>Pour cela retrouvez leur support de pr\u00e9sentation ici : <a href=\"https:\/\/www.aperoscope.fr\/wp-content\/uploads\/2022\/11\/Limoges_Act.pdf\">Limoges_Act<\/a>\u00a0(PDF)<\/p>\n<\/div>\n<\/div>\n<\/div>\n<\/div>\n<\/div>\n<\/div>\n<p>[\/et_pb_team_member][et_pb_team_member admin_label=\u00a0\u00bbLe Bibliovore\u00a0\u00bb name=\u00a0\u00bbLe Bibliovore\u00a0\u00bb image_url=\u00a0\u00bbhttps:\/\/www.aperoscope.fr\/wp-content\/uploads\/2022\/11\/Bibliovore.png\u00a0\u00bb _builder_version=\u00a0\u00bb3.8&Prime; facebook_url=\u00a0\u00bbhttps:\/\/www.facebook.com\/lebibliovorelimoges\u00a0\u00bb]<\/p>\n<p><span style=\"font-weight: 400;\">Nous on aime l&rsquo;\u00e9conomie circulaire donc nous avons invit\u00e9 Jos\u00e9phine a nous pr\u00e9senter son activ\u00e9 !<\/span><\/p>\n<p><span style=\"font-weight: 400;\">N\u00e9e \u00e0 Limoges en 1989, dipl\u00f4m\u00e9e d&rsquo;un BTS h\u00f4tellerie restauration puis d&rsquo;un master Valorisation du patrimoine et d\u00e9veloppement du territoire, avec un parcours d&#8217;emploi vari\u00e9, Jos\u00e9phine Del\u00e8gue est p<\/span><span style=\"font-weight: 400;\">assionn\u00e9e de lecture depuis son enfance, et d\u00e9voreuse de livres au sens figur\u00e9 (et au sens propre !). Elle s<\/span><span style=\"font-weight: 400;\">ouhaitait partager sa passion pour la lecture, conseiller les visiteurs, accueillir les jeunes lecteurs en soif de d\u00e9couvertes, mais aussi cr\u00e9er une boutique de quartier, dans sa ville qu&rsquo;elle adore. Elle a donc ouvert une enseigne Bibliovore au 8 de la rue Fourie.<\/span><\/p>\n<p>Elle nous a expliqu\u00e9 le concept de Bibliovore qui propose des livres de seconde main.<\/p>\n<p>Retrouvez toutes les infos sur ce concept de librairie proposant des livres d&rsquo;occasions rachet\u00e9s au kilos \u00e0 des particuliers et propos\u00e9s \u00e0 tarif fixe sur le pdf de pr\u00e9sentation <a href=\"https:\/\/www.aperoscope.fr\/wp-content\/uploads\/2022\/11\/Le_bibliovore.pdf\">Le_bibliovore<\/a>, sur le site (<a href=\"https:\/\/www.lebibliovore.fr\/les-librairies\/limoges\/\" target=\"_blank\" rel=\"noopener\">https:\/\/www.lebibliovore.fr\/les-librairies\/limoges\/<\/a>) et sur place dans la boutique au 8 rue Fourie.<\/p>\n<p>[\/et_pb_team_member][et_pb_divider _builder_version=\u00a0\u00bb3.8&Prime; \/][\/et_pb_column][\/et_pb_row][et_pb_row _builder_version=\u00a0\u00bb3.8&Prime; background_size=\u00a0\u00bbinitial\u00a0\u00bb background_position=\u00a0\u00bbtop_left\u00a0\u00bb background_repeat=\u00a0\u00bbrepeat\u00a0\u00bb][et_pb_column type=\u00a0\u00bb4_4&Prime;][et_pb_text _builder_version=\u00a0\u00bb3.8&Prime;]<\/p>\n<h2>Retour en images des pr\u00e9sentations<\/h2>\n<p>[\/et_pb_text][et_pb_video_slider _builder_version=\u00a0\u00bb3.8&Prime; controls_color=\u00a0\u00bblight\u00a0\u00bb][et_pb_video_slider_item _builder_version=\u00a0\u00bb3.8&Prime; src=\u00a0\u00bbhttps:\/\/youtu.be\/RHDafmdaQjE\u00a0\u00bb image_src=\u00a0\u00bb\/\/i.ytimg.com\/vi\/RHDafmdaQjE\/hqdefault.jpg\u00a0\u00bb admin_title=\u00a0\u00bbCo&rsquo;Lec\u00a0\u00bb background_layout=\u00a0\u00bbdark\u00a0\u00bb \/][et_pb_video_slider_item _builder_version=\u00a0\u00bb3.8&Prime; src=\u00a0\u00bbhttps:\/\/youtu.be\/4DcGKySe0ds\u00a0\u00bb image_src=\u00a0\u00bb\/\/i.ytimg.com\/vi\/4DcGKySe0ds\/hqdefault.jpg\u00a0\u00bb admin_title=\u00a0\u00bbHumaniLim\u00a0\u00bb background_layout=\u00a0\u00bbdark\u00a0\u00bb \/][et_pb_video_slider_item _builder_version=\u00a0\u00bb3.8&Prime; src=\u00a0\u00bbhttps:\/\/youtu.be\/eGN26H9i8so\u00a0\u00bb image_src=\u00a0\u00bb\/\/i.ytimg.com\/vi\/eGN26H9i8so\/hqdefault.jpg\u00a0\u00bb admin_title=\u00a0\u00bbPeanuts\u00a0\u00bb background_layout=\u00a0\u00bbdark\u00a0\u00bb \/][et_pb_video_slider_item _builder_version=\u00a0\u00bb3.8&Prime; src=\u00a0\u00bbhttps:\/\/youtu.be\/NhnBj6mkvfg\u00a0\u00bb image_src=\u00a0\u00bb\/\/i.ytimg.com\/vi\/NhnBj6mkvfg\/hqdefault.jpg\u00a0\u00bb admin_title=\u00a0\u00bbRemob\u00a0\u00bb background_layout=\u00a0\u00bbdark\u00a0\u00bb \/][et_pb_video_slider_item _builder_version=\u00a0\u00bb3.8&Prime; src=\u00a0\u00bbhttps:\/\/youtu.be\/ZkDQpRTyMlM\u00a0\u00bb image_src=\u00a0\u00bb\/\/i.ytimg.com\/vi\/ZkDQpRTyMlM\/hqdefault.jpg\u00a0\u00bb admin_title=\u00a0\u00bbAmandine Julien\u00a0\u00bb background_layout=\u00a0\u00bbdark\u00a0\u00bb \/][et_pb_video_slider_item _builder_version=\u00a0\u00bb3.8&Prime; src=\u00a0\u00bbhttps:\/\/youtu.be\/E7BFWMXIBs4&Prime; image_src=\u00a0\u00bb\/\/i.ytimg.com\/vi\/E7BFWMXIBs4\/hqdefault.jpg\u00a0\u00bb admin_title=\u00a0\u00bbLimoges Act\u00a0\u00bb background_layout=\u00a0\u00bbdark\u00a0\u00bb \/][et_pb_video_slider_item _builder_version=\u00a0\u00bb3.8&Prime; src=\u00a0\u00bbhttps:\/\/youtu.be\/VK01z2MdXzY\u00a0\u00bb image_src=\u00a0\u00bb\/\/i.ytimg.com\/vi\/VK01z2MdXzY\/hqdefault.jpg\u00a0\u00bb admin_title=\u00a0\u00bbLe Bibliovore\u00a0\u00bb background_layout=\u00a0\u00bbdark\u00a0\u00bb \/][\/et_pb_video_slider][et_pb_gallery _builder_version=\u00a0\u00bb3.8&Prime; gallery_ids=\u00a0\u00bb815,844,841,854,817,819,833,826,830,821,836,832,835,852,831,816,842,855,840,850,851,853,858,856,861,862,863,865,867,866,868,869,871,874,873,872,894,886,892,888,889,887,891,893,895,896,900,901,902,903,904,905,906,909,908,907,911,910,814,913,914,915,912,848,899,897,898,839,857,885,884,883,882,881,879,880,878,847,846,838,837&Prime; zoom_icon_color=\u00a0\u00bb#e9dd76&Prime; hover_overlay_color=\u00a0\u00bbrgba(255,255,255,0.9)\u00a0\u00bb show_title_and_caption=\u00a0\u00bboff\u00a0\u00bb show_pagination=\u00a0\u00bboff\u00a0\u00bb posts_number=\u00a0\u00bb100&Prime; \/][\/et_pb_column][\/et_pb_row][\/et_pb_section]<\/p>\n","protected":false},"excerpt":{"rendered":"<p>[et_pb_section bb_built=\u00a0\u00bb1&Prime; fullwidth=\u00a0\u00bbon\u00a0\u00bb _builder_version=\u00a0\u00bb3.0.47&Prime; next_background_color=\u00a0\u00bb#000000&Prime;][et_pb_fullwidth_image src=\u00a0\u00bbhttps:\/\/www.aperoscope.fr\/wp-content\/uploads\/2022\/11\/Aperoscope-edition-9_imageintro.png\u00a0\u00bb _builder_version=\u00a0\u00bb3.8&Prime; \/][\/et_pb_section][et_pb_section bb_built=\u00a0\u00bb1&Prime; _builder_version=\u00a0\u00bb3.0.47&Prime; prev_background_color=\u00a0\u00bb#000000&Prime;][et_pb_row _builder_version=\u00a0\u00bb3.0.48&Prime; background_size=\u00a0\u00bbinitial\u00a0\u00bb background_position=\u00a0\u00bbtop_left\u00a0\u00bb background_repeat=\u00a0\u00bbrepeat\u00a0\u00bb][et_pb_column type=\u00a0\u00bb4_4&Prime;][et_pb_text _builder_version=\u00a0\u00bb3.8&Prime;] Ap\u00e9roscope #9 La soir\u00e9e Ap\u00e9roscope #9 s&rsquo;est d\u00e9roul\u00e9e \u00e0 au C.A.L.M. \u00e0 Limoges le 20 octobre 2022 ! Un grand merci \u00e0 toute l&rsquo;\u00e9quipe du C.A.L.M. et \u00e0 l&rsquo;Universit\u00e9 de Limoges pour leurs soutiens dans l&rsquo;organisation de cet [&hellip;]<\/p>\n","protected":false},"author":3,"featured_media":941,"parent":0,"menu_order":0,"comment_status":"closed","ping_status":"closed","template":"","meta":{"footnotes":""},"class_list":["post-801","page","type-page","status-publish","has-post-thumbnail","hentry"],"_links":{"self":[{"href":"https:\/\/www.aperoscope.fr\/index.php?rest_route=\/wp\/v2\/pages\/801","targetHints":{"allow":["GET"]}}],"collection":[{"href":"https:\/\/www.aperoscope.fr\/index.php?rest_route=\/wp\/v2\/pages"}],"about":[{"href":"https:\/\/www.aperoscope.fr\/index.php?rest_route=\/wp\/v2\/types\/page"}],"author":[{"embeddable":true,"href":"https:\/\/www.aperoscope.fr\/index.php?rest_route=\/wp\/v2\/users\/3"}],"replies":[{"embeddable":true,"href":"https:\/\/www.aperoscope.fr\/index.php?rest_route=%2Fwp%2Fv2%2Fcomments&post=801"}],"version-history":[{"count":9,"href":"https:\/\/www.aperoscope.fr\/index.php?rest_route=\/wp\/v2\/pages\/801\/revisions"}],"predecessor-version":[{"id":920,"href":"https:\/\/www.aperoscope.fr\/index.php?rest_route=\/wp\/v2\/pages\/801\/revisions\/920"}],"wp:featuredmedia":[{"embeddable":true,"href":"https:\/\/www.aperoscope.fr\/index.php?rest_route=\/wp\/v2\/media\/941"}],"wp:attachment":[{"href":"https:\/\/www.aperoscope.fr\/index.php?rest_route=%2Fwp%2Fv2%2Fmedia&parent=801"}],"curies":[{"name":"wp","href":"https:\/\/api.w.org\/{rel}","templated":true}]}}