{"id":631,"date":"2022-06-29T16:40:17","date_gmt":"2022-06-29T14:40:17","guid":{"rendered":"http:\/\/www.aperoscope.fr\/?page_id=631"},"modified":"2022-11-10T14:34:19","modified_gmt":"2022-11-10T13:34:19","slug":"aperoscope-8","status":"publish","type":"page","link":"https:\/\/www.aperoscope.fr\/?page_id=631","title":{"rendered":"Aperoscope #8"},"content":{"rendered":"<p>[et_pb_section bb_built=\u00a0\u00bb1&Prime; fullwidth=\u00a0\u00bbon\u00a0\u00bb _builder_version=\u00a0\u00bb3.0.47&Prime; next_background_color=\u00a0\u00bb#000000&Prime;][et_pb_fullwidth_image src=\u00a0\u00bbhttps:\/\/www.aperoscope.fr\/wp-content\/uploads\/2022\/06\/Aperoscope8_mosaique.png\u00a0\u00bb _builder_version=\u00a0\u00bb3.8&Prime; \/][\/et_pb_section][et_pb_section bb_built=\u00a0\u00bb1&Prime; _builder_version=\u00a0\u00bb3.0.47&Prime; prev_background_color=\u00a0\u00bb#000000&Prime;][et_pb_row _builder_version=\u00a0\u00bb3.0.48&Prime; background_size=\u00a0\u00bbinitial\u00a0\u00bb background_position=\u00a0\u00bbtop_left\u00a0\u00bb background_repeat=\u00a0\u00bbrepeat\u00a0\u00bb][et_pb_column type=\u00a0\u00bb4_4&Prime;][et_pb_text _builder_version=\u00a0\u00bb3.8&Prime;]<\/p>\n<h2>Ap\u00e9roscope #8<\/h2>\n<p>La soir\u00e9e Ap\u00e9roscope #8 s&rsquo;est d\u00e9roul\u00e9e \u00e0 La Chapelle de la Visitation \u00e0 Limoges le 2 juin 2022 !<\/p>\n<p>Un grand merci \u00e0 toute l&rsquo;\u00e9quipe du Conseil D\u00e9partemental de la Haute-Vienne et \u00e0 son Pr\u00e9sident Jean-Claude Langlois pour leurs soutiens dans l&rsquo;organisation de cet \u00e9v\u00e9nement et l&rsquo;accueil dans ce magnifique espace.<\/p>\n<p>[\/et_pb_text][et_pb_divider _builder_version=\u00a0\u00bb3.8&Prime; \/][et_pb_text _builder_version=\u00a0\u00bb3.8&Prime;]<\/p>\n<h2>Au programme<\/h2>\n<p>Cette fois-ci 9 invit\u00e9s aux profils comme d&rsquo;habitude tr\u00e8s vari\u00e9s !<\/p>\n<p>[\/et_pb_text][et_pb_team_member admin_label=\u00a0\u00bbLe CAUE 87&Prime; name=\u00a0\u00bbLe CAUE 87&Prime; image_url=\u00a0\u00bbhttps:\/\/www.aperoscope.fr\/wp-content\/uploads\/2022\/06\/CAUE87.png\u00a0\u00bb _builder_version=\u00a0\u00bb3.8&Prime;]<\/p>\n<div class=\"o9v6fnle cxmmr5t8 oygrvhab hcukyx3x c1et5uql ii04i59q\">\n<div dir=\"auto\">\n<div class=\"o9v6fnle cxmmr5t8 oygrvhab hcukyx3x c1et5uql ii04i59q\">\n<div dir=\"auto\">\n<div class=\"o9v6fnle cxmmr5t8 oygrvhab hcukyx3x c1et5uql ii04i59q\">\n<div dir=\"auto\">\n<div class=\"o9v6fnle cxmmr5t8 oygrvhab hcukyx3x c1et5uql ii04i59q\">\n<div dir=\"auto\">\n<div class=\"o9v6fnle cxmmr5t8 oygrvhab hcukyx3x c1et5uql ii04i59q\">\n<div dir=\"auto\">Fr\u00e9d\u00e9rique et Clarisse vous ont pr\u00e9sent\u00e9 l\u2019association CAUE (Conseil d\u2019Architecture, d\u2019Urbanisme et de l\u2019Environnement) qui accompagne les particuliers comme les collectivit\u00e9s locales dans leurs choix d\u2019am\u00e9nagement et r\u00e9alise des actions de sensibilisation.<\/div>\n<div dir=\"auto\"><\/div>\n<div dir=\"auto\">Elles nous ont notamment fait d\u00e9couvrir le projet Oasis, un projet de d\u00e9sartificialisation des cours d\u2019\u00e9cole, actuellement en phase d\u2019exp\u00e9rimentation sur le d\u00e9partement.<\/div>\n<div dir=\"auto\">Pour plus d\u2019info sur le CAUE87 :\u00a0<a href=\"http:\/\/www.caue87.fr\/\">http:\/\/www.caue87.fr\/\u00a0<\/a><\/div>\n<div dir=\"auto\">Leur support de pr\u00e9sentation Ap\u00e9roscope est dispo ici : <a href=\"https:\/\/www.aperoscope.fr\/wp-content\/uploads\/2022\/06\/CAUE_Aperoscope.pdf\">CAUE_Ap\u00e9roscope<\/a> (PDF)<\/div>\n<\/div>\n<\/div>\n<\/div>\n<\/div>\n<\/div>\n<\/div>\n<\/div>\n<\/div>\n<\/div>\n<p>[\/et_pb_team_member][et_pb_team_member admin_label=\u00a0\u00bbQuezalim\u00a0\u00bb name=\u00a0\u00bbQuezalim\u00a0\u00bb image_url=\u00a0\u00bbhttps:\/\/www.aperoscope.fr\/wp-content\/uploads\/2022\/06\/Quezalim-Transparent.png\u00a0\u00bb _builder_version=\u00a0\u00bb3.8&Prime; facebook_url=\u00a0\u00bbhttps:\/\/www.facebook.com\/Quezalim-Limoges-105036144476294\/\u00a0\u00bb linkedin_url=\u00a0\u00bbhttps:\/\/fr.linkedin.com\/company\/quezalim-limoges\u00a0\u00bb]<\/p>\n<p>Frederic vous a pr\u00e9sent\u00e9 pourquoi il a cr\u00e9\u00e9 Quezalim, \u00ab\u00a0<em>the place to be<\/em>\u00a0\u00bb pour manger &amp; consommer local en drive situ\u00e9 en Zone Nord de Limoges. Pour vous aussi acheter local et d\u00e9couvrir la vaste gamme de produits et les 150 partenaires mobilis\u00e9s par Fr\u00e9deric (producteurs, artistes, artisans, restaurateurs, bien-\u00eatre \u2026) consultez\u00a0<a href=\"https:\/\/www.quezalim.com\/\">https:\/\/www.quezalim.com\/<\/a><\/p>\n<p>Son support de pr\u00e9sentation Ap\u00e9roscope est dispo ici : <a href=\"https:\/\/www.aperoscope.fr\/wp-content\/uploads\/2022\/06\/Quezalim_Aperoscope.pdf\">Quezalim_Aperoscope<\/a> (PDF)<\/p>\n<p>[\/et_pb_team_member][et_pb_team_member admin_label=\u00a0\u00bb1001 Notes\u00a0\u00bb name=\u00a0\u00bb1001 Notes\u00a0\u00bb image_url=\u00a0\u00bbhttps:\/\/www.aperoscope.fr\/wp-content\/uploads\/2022\/06\/1001NotesVisuel.jpg\u00a0\u00bb _builder_version=\u00a0\u00bb3.8&Prime; facebook_url=\u00a0\u00bbhttps:\/\/www.facebook.com\/festival1001notes\/\u00a0\u00bb linkedin_url=\u00a0\u00bbhttps:\/\/www.linkedin.com\/company\/2730192\/admin\/\u00a0\u00bb twitter_url=\u00a0\u00bbhttps:\/\/twitter.com\/1001notes?lang=fr\u00a0\u00bb]<\/p>\n<div class=\"cxmmr5t8 oygrvhab hcukyx3x c1et5uql o9v6fnle ii04i59q\">\n<div dir=\"auto\">\n<p>Vous avez d\u00e9couvert 1001 notes et notamment son festival 2022 qui aura lieu du 23 au 30 juillet, pr\u00e9sent\u00e9 par son directeur Albin de La Tour. La programmation du festival s\u2019est hybrid\u00e9e au fil des ann\u00e9es avec la venue de t\u00eates d\u2019affiches classiques mais aussi populaires et issues d\u2019autres horizons musicaux comme Vladimir Cosma, Thylacine ou encore Sofiane Pamart.<\/p>\n<p>D\u00e9couvrez le d\u00e9tail de la programmation <b><a href=\"https:\/\/festival1001notes.com\/agenda\/categorie\/edition-2022\" target=\"_blank\" rel=\"noopener\" data-saferedirecturl=\"https:\/\/www.google.com\/url?q=https:\/\/festival1001notes.com\/agenda\/categorie\/edition-2022&amp;source=gmail&amp;ust=1654875317810000&amp;usg=AOvVaw1HZO-asXXtUabDfwxWlGz7\">ici<\/a>\u00a0<\/b>et sa playlist\u00a0<b><a href=\"https:\/\/festival1001notes.com\/blog\/playlist-festival-1001-notes-edition-2022\" target=\"_blank\" rel=\"noopener\" data-saferedirecturl=\"https:\/\/www.google.com\/url?q=https:\/\/festival1001notes.com\/blog\/playlist-festival-1001-notes-edition-2022&amp;source=gmail&amp;ust=1654875317810000&amp;usg=AOvVaw2vg3SKhVkreXcqfy8DJj_A\">ici . <\/a><br \/>\n<\/b>Toutes les actualit\u00e9s sur le site\u00a0<b><a href=\"https:\/\/festival1001notes.com\/news\" target=\"_blank\" rel=\"noopener\" data-saferedirecturl=\"https:\/\/www.google.com\/url?q=https:\/\/festival1001notes.com\/news&amp;source=gmail&amp;ust=1654875317810000&amp;usg=AOvVaw0gJGrQa2fDgFVu75kbYY3L\">https:\/\/festival1001notes.com\/<wbr \/>news\u00a0<\/a><\/b>et\u00a0<a href=\"https:\/\/www.facebook.com\/festival1001notes\/\" target=\"_blank\" rel=\"noopener\" data-saferedirecturl=\"https:\/\/www.google.com\/url?q=https:\/\/www.facebook.com\/festival1001notes\/&amp;source=gmail&amp;ust=1654875317810000&amp;usg=AOvVaw2l4uC9qEU9jmYsA4gGOi9y\">sur facebook<\/a>,\u00a0<a href=\"https:\/\/www.instagram.com\/\" target=\"_blank\" rel=\"noopener\" data-saferedirecturl=\"https:\/\/www.google.com\/url?q=https:\/\/www.instagram.com\/&amp;source=gmail&amp;ust=1654875317810000&amp;usg=AOvVaw3kjqSnZQlt2kSpxnrCBR_f\">sur instagram<\/a>,\u00a0<a href=\"https:\/\/twitter.com\/1001notes?lang=fr\" target=\"_blank\" rel=\"noopener\" data-saferedirecturl=\"https:\/\/www.google.com\/url?q=https:\/\/twitter.com\/1001notes?lang%3Dfr&amp;source=gmail&amp;ust=1654875317810000&amp;usg=AOvVaw00aHn6IIbZj_uNcaBwObFR\">sur Twitter<\/a>\u00a0et\u00a0<a href=\"https:\/\/www.linkedin.com\/company\/2730192\/admin\/\" target=\"_blank\" rel=\"noopener\" data-saferedirecturl=\"https:\/\/www.google.com\/url?q=https:\/\/www.linkedin.com\/company\/2730192\/admin\/&amp;source=gmail&amp;ust=1654875317810000&amp;usg=AOvVaw163z8dvyVHrNuYnFSZwrP8\">sur LinkedIn<\/a><\/p>\n<\/div>\n<\/div>\n<div class=\"cxmmr5t8 oygrvhab hcukyx3x c1et5uql o9v6fnle ii04i59q\">Son support de pr\u00e9sentation Ap\u00e9roscope est dispo ici :\u00a01001_notes_Ap\u00e9roscope (PDF)<\/div>\n<p>[\/et_pb_team_member][et_pb_team_member admin_label=\u00a0\u00bbLe Mus\u00e9e et jardin C\u00e9cile Sabourdy\u00a0\u00bb name=\u00a0\u00bbLe Mus\u00e9e et jardin C\u00e9cile Sabourdy\u00a0\u00bb image_url=\u00a0\u00bbhttps:\/\/www.aperoscope.fr\/wp-content\/uploads\/2022\/06\/MuseeEtJArdinsCecileSabourdy_logo.png\u00a0\u00bb _builder_version=\u00a0\u00bb3.8&Prime; facebook_url=\u00a0\u00bbhttps:\/\/www.facebook.com\/page.musee.jardins.cecile.sabourdy\u00a0\u00bb]<\/p>\n<p>St\u00e9phanie &amp; Laura vous ont fait d\u00e9couvrir l\u2019univers du Mus\u00e9e et Jardin C\u00e9cile Sabourdy, install\u00e9 dans l\u2019ancien presbyt\u00e8re \u00e0 Vicq-sur-Breuilh et les artistes marginaux, Hors-Normes, Na\u00effs, Bruts, Singuliers, qui y sont pr\u00e9sent\u00e9s. Retrouvez les prochaines expositions, Le Club des Amis et la programmation culturelle \u00e9clectique (concert, th\u00e9\u00e2tre, cirque, ateliers), sur le site\u00a0<a href=\"https:\/\/museejardinscecilesabourdy.wordpress.com\/\">https:\/\/museejardinscecilesabourdy.wordpress.com\/<\/a>\u00a0et sur les r\u00e9seaux sociaux\u00a0<a href=\"https:\/\/www.facebook.com\/page.musee.jardins.cecile.sabourdy\">Facebook<\/a>\u00a0et\u00a0<a href=\"https:\/\/www.instagram.com\/museececilesabourdy\/\">Instagram<\/a>\u00a0et surtout pr\u00e9voyez si vous ne le connaissez pas encore d\u2019aller leur rendre visite \u00e0 Vicq sur Breuilh d\u00e8s cet \u00e9t\u00e9 !!\u00a0 Par ici :\u00a0<a href=\"https:\/\/museejardinscecilesabourdy.wordpress.com\/evenements\/\">https:\/\/museejardinscecilesabourdy.wordpress.com\/evenements\/\u00a0<\/a><\/p>\n<p>[\/et_pb_team_member][et_pb_team_member admin_label=\u00a0\u00bbLe Festival Urbaka\u00a0\u00bb name=\u00a0\u00bbLe Festival Urbaka\u00a0\u00bb image_url=\u00a0\u00bbhttps:\/\/www.aperoscope.fr\/wp-content\/uploads\/2022\/06\/urbaka-festival-1.jpg\u00a0\u00bb _builder_version=\u00a0\u00bb3.8&Prime; facebook_url=\u00a0\u00bbhttps:\/\/www.facebook.com\/UrbakaFestival\/\u00a0\u00bb]<\/p>\n<div class=\"cxmmr5t8 oygrvhab hcukyx3x c1et5uql o9v6fnle ii04i59q\">\n<div dir=\"auto\">\n<div class=\"cxmmr5t8 oygrvhab hcukyx3x c1et5uql o9v6fnle ii04i59q\">\n<div dir=\"auto\">Son directeur Jacques et son administratrice Ludivine nous ont pr\u00e9sent\u00e9 la programmation 2022 de ce festival bien connu des Limougeauds, qui valorise les \u00ab\u00a0Arts de la rue\u00a0\u00bb et r\u00e9invente l\u2019espace public gr\u00e2ce \u00e0 l\u2019Art, la cr\u00e9ation, la po\u00e9sie, le jeu\u2026\u00a0 programme et actus \u00e0 retrouver sur\u00a0<a href=\"http:\/\/www.urbaka.com\/\" target=\"_blank\" rel=\"noopener\" data-saferedirecturl=\"https:\/\/www.google.com\/url?q=http:\/\/www.urbaka.com&amp;source=gmail&amp;ust=1654875317810000&amp;usg=AOvVaw32sKZiAzmMzHiKeVFifr3W\">www.urbaka.com<\/a>\u00a0 et les pages\u00a0<a href=\"https:\/\/www.facebook.com\/UrbakaFestival\/\">Facebook\u00a0<\/a>et\u00a0<a href=\"https:\/\/www.instagram.com\/urbaka_festival\/?hl=fr\">Instagram\u00a0<\/a><\/div>\n<\/div>\n<div dir=\"auto\"><\/div>\n<div dir=\"auto\">Son support de pr\u00e9sentation Ap\u00e9roscope est dispo ici : <a href=\"https:\/\/www.aperoscope.fr\/wp-content\/uploads\/2022\/06\/Urbaka_Aperoscope.pdf\">Urbaka_Ap\u00e9roscope<\/a> (PDF)<\/div>\n<div class=\"cxmmr5t8 oygrvhab hcukyx3x c1et5uql o9v6fnle ii04i59q\"><\/div>\n<\/div>\n<\/div>\n<p>[\/et_pb_team_member][et_pb_team_member admin_label=\u00a0\u00bbLou Costurier\u00a0\u00bb name=\u00a0\u00bbLou Costurier\u00a0\u00bb image_url=\u00a0\u00bbhttps:\/\/www.aperoscope.fr\/wp-content\/uploads\/2022\/06\/logo-ocre-XL.jpg\u00a0\u00bb _builder_version=\u00a0\u00bb3.8&Prime; facebook_url=\u00a0\u00bbhttps:\/\/www.facebook.com\/QuentindeLouCosturier\u00a0\u00bb]<\/p>\n<div class=\"cxmmr5t8 oygrvhab hcukyx3x c1et5uql o9v6fnle ii04i59q\">\n<div dir=\"auto\">\n<div class=\"cxmmr5t8 oygrvhab hcukyx3x c1et5uql o9v6fnle ii04i59q\">\n<div dir=\"auto\">Quentin le couturier artisan porte le projet de <strong>Lou Costurier<\/strong> (\u00ab\u00a0le couturier\u00a0\u00bb en patois) et r\u00e9alise des cr\u00e9ations de v\u00eatements et d\u2019accessoires \u00e0 partir de v\u00eatements et de tissus de r\u00e9cup\u00e9ration (et \u00e7a claque !)<\/div>\n<div dir=\"auto\">Pour le suivre <a href=\"https:\/\/www.instagram.com\/quentin_lou_costurier\/\">Instagram\u00a0<\/a>et\u00a0<a href=\"https:\/\/www.facebook.com\/QuentindeLouCosturier\">Facebook\u00a0<\/a><\/div>\n<\/div>\n<\/div>\n<\/div>\n<div class=\"cxmmr5t8 oygrvhab hcukyx3x c1et5uql o9v6fnle ii04i59q\"><\/div>\n<div>Son support de pr\u00e9sentation Ap\u00e9roscope est dispo ici : <a href=\"https:\/\/www.aperoscope.fr\/wp-content\/uploads\/2022\/06\/Lou-Costurier_Aperoscope.pdf\">Lou Costurier_Ap\u00e9roscope<\/a> (PDF)<\/div>\n<p>[\/et_pb_team_member][et_pb_team_member admin_label=\u00a0\u00bbLe Fooap\u2019s\u00a0\u00bb name=\u00a0\u00bbLe Fooap\u2019s\u00a0\u00bb image_url=\u00a0\u00bbhttps:\/\/www.aperoscope.fr\/wp-content\/uploads\/2022\/06\/logo-skate-et-BMX-2020.jpg\u00a0\u00bb _builder_version=\u00a0\u00bb3.8&Prime; facebook_url=\u00a0\u00bbhttps:\/\/www.facebook.com\/fooaps\/\u00a0\u00bb google_url=\u00a0\u00bbhttps:\/\/fooaps.fr\/\u00a0\u00bb]<\/p>\n<div class=\"cxmmr5t8 oygrvhab hcukyx3x c1et5uql o9v6fnle ii04i59q\">\n<div dir=\"auto\">\n<div class=\"cxmmr5t8 oygrvhab hcukyx3x c1et5uql o9v6fnle ii04i59q\"><\/div>\n<div class=\"cxmmr5t8 oygrvhab hcukyx3x c1et5uql o9v6fnle ii04i59q\"><\/div>\n<\/div>\n<\/div>\n<div class=\"cxmmr5t8 oygrvhab hcukyx3x c1et5uql o9v6fnle ii04i59q\">C\u2019est Laurely la pr\u00e9sidente du Fooap\u2019s qui est mont\u00e9e sur sc\u00e8ne pour retracer le parcours de cette asso limougeaude cr\u00e9e en 1996 et qui continue d\u2019avancer et\u00a0 de populariser le skateboard et le BMX par le biais de diff\u00e9rentes actions (cours collectifs, initiations gratuites, organisations de festivals alliant la culture de la glisse &amp; Arts urbains\u2026). Leur nouveau projet : La cr\u00e9ation d\u2019un skatepark couvert \u00e0 Limoges pour lequel vous pourrez leur donner un coup de main (\u00e0 suivre de la construction participative, du financement collaboratif, n\u2019h\u00e9sitez pas \u00e0 proposer votre aide et \u00e0 vous tenir inform\u00e9s). Pour les suivre : leur\u00a0<a href=\"https:\/\/fooaps.fr\/\">site\u00a0<\/a>et leurs pages\u00a0<a href=\"https:\/\/www.facebook.com\/fooaps\/\">Facebook\u00a0<\/a>et\u00a0<a href=\"https:\/\/www.instagram.com\/fooapsskateclub\/\">Instagram<\/a><\/div>\n<p>[\/et_pb_team_member][et_pb_team_member admin_label=\u00a0\u00bbE2Lim\u00a0\u00bb name=\u00a0\u00bbE2Lim\u00a0\u00bb image_url=\u00a0\u00bbhttps:\/\/www.aperoscope.fr\/wp-content\/uploads\/2022\/06\/LogoE2lim-V4-Petit-1.png\u00a0\u00bb _builder_version=\u00a0\u00bb3.8&Prime; google_url=\u00a0\u00bbhttps:\/\/www.unilim.fr\/e2lim\/\u00a0\u00bb]<\/p>\n<p>Vincent Gloaguen et Charlotte Moine, chercheurs \u00e0 l\u2019Universit\u00e9 de Limoges et l\u2019Avrul Limoges d\u00e9veloppent une invention r\u00e9volutionnaire : un pesticide propre, 100% naturel sans phytosanitaires \u00e0 base de champignons protecteurs : le pleurotte creusois, si si\u00a0 !! Retrouvez le laboratoire E2Lim sur les internets ici\u00a0<a href=\"https:\/\/www.unilim.fr\/e2lim\/\">https:\/\/www.unilim.fr\/e2lim\/<\/a>\u00a0et Vincent et ses pleurottes dans la vid\u00e9o\u00a0<a href=\"https:\/\/www.youtube.com\/watch?v=PghEU34jKs4\">https:\/\/www.youtube.com\/watch?v=PghEU34jKs4\u00a0<\/a><\/p>\n<p>Son support de pr\u00e9sentation Ap\u00e9roscope est dispo ici : <a href=\"https:\/\/www.aperoscope.fr\/wp-content\/uploads\/2022\/06\/E2Lim_Aperoscope.pdf\">E2Lim_Ap\u00e9roscope<\/a> (PDF)<\/p>\n<p>[\/et_pb_team_member][et_pb_team_member admin_label=\u00a0\u00bbL\u2019\u00e9veil des sens\u00a0\u00bb name=\u00a0\u00bbL\u2019\u00e9veil des sens\u00a0\u00bb image_url=\u00a0\u00bbhttps:\/\/www.aperoscope.fr\/wp-content\/uploads\/2022\/06\/EveilDesSens.png\u00a0\u00bb _builder_version=\u00a0\u00bb3.8&Prime; facebook_url=\u00a0\u00bbhttps:\/\/www.facebook.com\/Batiment25\/\u00a0\u00bb]<\/p>\n<p><a href=\"https:\/\/www.vthomasdamprunt.fr\/\">V\u00e9ronique Thomas-Damprunt<\/a>, psycho-praticienne vous a pr\u00e9sent\u00e9 le projet de cr\u00e9ation d\u2019une salle multisensorielle Snoezelen au sein du futur Tiers-Lieu\u00a0<b>B\u00e2timent 25<\/b>. Cette salle de relaxation, d\u2019art-th\u00e9rapie et de stimulation sensorielle \u00e0 vis\u00e9e ludique et th\u00e9rapeutique\u00a0de 40 m2 permettra l\u2019accompagnement d\u2019enfants et ados atypiques (dys, tdah, tsa, hyper sensibles, troubles anxieux\u2026) ainsi que leurs familles.<br \/>\nPour suivre l\u2019avancement du Tiers-Lieu B\u00e2timent 25 dans l\u2019enceinte de l\u2019ancienne caserne Marceau abonnez vous aux comptes :\u00a0<a href=\"https:\/\/batiment25.fr\/\">https:\/\/batiment25.fr\/<\/a>\u00a0et\u00a0<a href=\"https:\/\/www.facebook.com\/Batiment25\/\">https:\/\/www.facebook.com\/Batiment25\/<\/a><\/p>\n<p>[\/et_pb_team_member][et_pb_divider _builder_version=\u00a0\u00bb3.8&Prime; \/][\/et_pb_column][\/et_pb_row][et_pb_row _builder_version=\u00a0\u00bb3.8&Prime; background_size=\u00a0\u00bbinitial\u00a0\u00bb background_position=\u00a0\u00bbtop_left\u00a0\u00bb background_repeat=\u00a0\u00bbrepeat\u00a0\u00bb][et_pb_column type=\u00a0\u00bb4_4&Prime;][et_pb_text _builder_version=\u00a0\u00bb3.8&Prime;]<\/p>\n<h2>Retour en images des pr\u00e9sentations<\/h2>\n<p>[\/et_pb_text][et_pb_video_slider _builder_version=\u00a0\u00bb3.8&Prime; controls_color=\u00a0\u00bblight\u00a0\u00bb][et_pb_video_slider_item _builder_version=\u00a0\u00bb3.8&Prime; src=\u00a0\u00bbhttps:\/\/youtu.be\/CJBkCgh05tE\u00a0\u00bb image_src=\u00a0\u00bb\/\/i.ytimg.com\/vi\/CJBkCgh05tE\/hqdefault.jpg\u00a0\u00bb admin_title=\u00a0\u00bbCAUE 87&Prime; background_layout=\u00a0\u00bbdark\u00a0\u00bb \/][et_pb_video_slider_item _builder_version=\u00a0\u00bb3.8&Prime; src=\u00a0\u00bbhttps:\/\/youtu.be\/qUZq_ohMZz0&Prime; image_src=\u00a0\u00bb\/\/i.ytimg.com\/vi\/qUZq_ohMZz0\/hqdefault.jpg\u00a0\u00bb admin_title=\u00a0\u00bbQuezalim\u00a0\u00bb background_layout=\u00a0\u00bbdark\u00a0\u00bb \/][et_pb_video_slider_item _builder_version=\u00a0\u00bb3.8&Prime; src=\u00a0\u00bbhttps:\/\/youtu.be\/biKOMJDvJ_o\u00a0\u00bb image_src=\u00a0\u00bb\/\/i.ytimg.com\/vi\/biKOMJDvJ_o\/hqdefault.jpg\u00a0\u00bb background_layout=\u00a0\u00bbdark\u00a0\u00bb admin_title=\u00a0\u00bb1001Notes\u00a0\u00bb \/][et_pb_video_slider_item _builder_version=\u00a0\u00bb3.8&Prime; src=\u00a0\u00bbhttps:\/\/youtu.be\/i3189hqWDHA\u00a0\u00bb image_src=\u00a0\u00bb\/\/i.ytimg.com\/vi\/i3189hqWDHA\/hqdefault.jpg\u00a0\u00bb admin_title=\u00a0\u00bbC\u00e9cile Sabourdy\u00a0\u00bb background_layout=\u00a0\u00bbdark\u00a0\u00bb \/][et_pb_video_slider_item _builder_version=\u00a0\u00bb3.8&Prime; src=\u00a0\u00bbhttps:\/\/youtu.be\/iKpVcxDM20M\u00a0\u00bb image_src=\u00a0\u00bb\/\/i.ytimg.com\/vi\/iKpVcxDM20M\/hqdefault.jpg\u00a0\u00bb admin_title=\u00a0\u00bbUrbaka\u00a0\u00bb background_layout=\u00a0\u00bbdark\u00a0\u00bb \/][et_pb_video_slider_item _builder_version=\u00a0\u00bb3.8&Prime; src=\u00a0\u00bbhttps:\/\/youtu.be\/V9JYnM-DJnk\u00a0\u00bb image_src=\u00a0\u00bb\/\/i.ytimg.com\/vi\/V9JYnM-DJnk\/hqdefault.jpg\u00a0\u00bb admin_title=\u00a0\u00bbLou Costurier\u00a0\u00bb background_layout=\u00a0\u00bbdark\u00a0\u00bb \/][et_pb_video_slider_item _builder_version=\u00a0\u00bb3.8&Prime; src=\u00a0\u00bbhttps:\/\/youtu.be\/gXqrzT6Ora4&Prime; image_src=\u00a0\u00bb\/\/i.ytimg.com\/vi\/gXqrzT6Ora4\/hqdefault.jpg\u00a0\u00bb admin_title=\u00a0\u00bbLe Fooap\u2019s\u00a0\u00bb background_layout=\u00a0\u00bbdark\u00a0\u00bb \/][et_pb_video_slider_item _builder_version=\u00a0\u00bb3.8&Prime; src=\u00a0\u00bbhttps:\/\/youtu.be\/AUS6hQmfDZs\u00a0\u00bb image_src=\u00a0\u00bb\/\/i.ytimg.com\/vi\/AUS6hQmfDZs\/hqdefault.jpg\u00a0\u00bb admin_title=\u00a0\u00bbE2Lim\u00a0\u00bb background_layout=\u00a0\u00bbdark\u00a0\u00bb \/][et_pb_video_slider_item _builder_version=\u00a0\u00bb3.8&Prime; src=\u00a0\u00bbhttps:\/\/youtu.be\/rvPJskxU5p0&Prime; image_src=\u00a0\u00bb\/\/i.ytimg.com\/vi\/rvPJskxU5p0\/hqdefault.jpg\u00a0\u00bb admin_title=\u00a0\u00bbL\u2019\u00e9veil des sens\u00a0\u00bb background_layout=\u00a0\u00bbdark\u00a0\u00bb \/][\/et_pb_video_slider][et_pb_gallery _builder_version=\u00a0\u00bb3.8&Prime; gallery_ids=\u00a0\u00bb707,708,709,710,711,712,713,714,715,716,717,718,719,720,721,722,723,724,725,726,727,728,729,730,731,732,733,734,735,736,737,738,739,740,741,742,743,744,745,746,747,748,749,750,751,769,770,771,772,773,774,775,776,777,778,779,780,781,782&Prime; zoom_icon_color=\u00a0\u00bb#e9dd76&Prime; hover_overlay_color=\u00a0\u00bbrgba(255,255,255,0.9)\u00a0\u00bb show_title_and_caption=\u00a0\u00bboff\u00a0\u00bb show_pagination=\u00a0\u00bboff\u00a0\u00bb posts_number=\u00a0\u00bb60&Prime; \/][\/et_pb_column][\/et_pb_row][\/et_pb_section]<\/p>\n","protected":false},"excerpt":{"rendered":"<p>[et_pb_section bb_built=\u00a0\u00bb1&Prime; fullwidth=\u00a0\u00bbon\u00a0\u00bb _builder_version=\u00a0\u00bb3.0.47&Prime; next_background_color=\u00a0\u00bb#000000&Prime;][et_pb_fullwidth_image src=\u00a0\u00bbhttps:\/\/www.aperoscope.fr\/wp-content\/uploads\/2022\/06\/Aperoscope8_mosaique.png\u00a0\u00bb _builder_version=\u00a0\u00bb3.8&Prime; \/][\/et_pb_section][et_pb_section bb_built=\u00a0\u00bb1&Prime; _builder_version=\u00a0\u00bb3.0.47&Prime; prev_background_color=\u00a0\u00bb#000000&Prime;][et_pb_row _builder_version=\u00a0\u00bb3.0.48&Prime; background_size=\u00a0\u00bbinitial\u00a0\u00bb background_position=\u00a0\u00bbtop_left\u00a0\u00bb background_repeat=\u00a0\u00bbrepeat\u00a0\u00bb][et_pb_column type=\u00a0\u00bb4_4&Prime;][et_pb_text _builder_version=\u00a0\u00bb3.8&Prime;] Ap\u00e9roscope #8 La soir\u00e9e Ap\u00e9roscope #8 s&rsquo;est d\u00e9roul\u00e9e \u00e0 La Chapelle de la Visitation \u00e0 Limoges le 2 juin 2022 ! Un grand merci \u00e0 toute l&rsquo;\u00e9quipe du Conseil D\u00e9partemental de la Haute-Vienne et \u00e0 son Pr\u00e9sident Jean-Claude [&hellip;]<\/p>\n","protected":false},"author":3,"featured_media":0,"parent":0,"menu_order":0,"comment_status":"closed","ping_status":"closed","template":"","meta":{"footnotes":""},"class_list":["post-631","page","type-page","status-publish","hentry"],"_links":{"self":[{"href":"https:\/\/www.aperoscope.fr\/index.php?rest_route=\/wp\/v2\/pages\/631","targetHints":{"allow":["GET"]}}],"collection":[{"href":"https:\/\/www.aperoscope.fr\/index.php?rest_route=\/wp\/v2\/pages"}],"about":[{"href":"https:\/\/www.aperoscope.fr\/index.php?rest_route=\/wp\/v2\/types\/page"}],"author":[{"embeddable":true,"href":"https:\/\/www.aperoscope.fr\/index.php?rest_route=\/wp\/v2\/users\/3"}],"replies":[{"embeddable":true,"href":"https:\/\/www.aperoscope.fr\/index.php?rest_route=%2Fwp%2Fv2%2Fcomments&post=631"}],"version-history":[{"count":10,"href":"https:\/\/www.aperoscope.fr\/index.php?rest_route=\/wp\/v2\/pages\/631\/revisions"}],"predecessor-version":[{"id":952,"href":"https:\/\/www.aperoscope.fr\/index.php?rest_route=\/wp\/v2\/pages\/631\/revisions\/952"}],"wp:attachment":[{"href":"https:\/\/www.aperoscope.fr\/index.php?rest_route=%2Fwp%2Fv2%2Fmedia&parent=631"}],"curies":[{"name":"wp","href":"https:\/\/api.w.org\/{rel}","templated":true}]}}